inder when 127850180 is divided by 198.
194
What is the remainder when 5352165 is divided by 5980?
65
Calculate the remainder when 87647 is divided by 6259.
21
What is the remainder when 4470056 is divided by 148997?
146
What is the remainder when 106099 is divided by 17682?
7
What is the remainder when 20215024 is divided by 227?
220
Calculate the remainder when 693383 is divided by 53335.
28
Calculate the remainder when 5087941 is divided by 794.
783
Calculate the remainder when 5292082 is divided by 857.
107
Calculate the remainder when 386063 is divided by 3360.
3023
What is the remainder when 66670995 is divided by 209?
204
What is the remainder when 21202 is divided by 2008?
1122
What is the remainder when 18835306 is divided by 33?
28
What is the remainder when 265573 is divided by 53114?
3
Calculate the remainder when 1151503 is divided by 191905.
73
Calculate the remainder when 2271736 is divided by 75.
61
What is the remainder when 82316293 is divided by 4401?
4390
Calculate the remainder when 215873629 is divided by 14.
13
Calculate the remainder when 144741148 is divided by 15.
13
What is the remainder when 326912 is divided by 50?
12
What is the remainder when 58836188 is divided by 11?
4
What is the remainder when 8085651 is divided by 101?
96
What is the remainder when 6078981 is divided by 5452?
1
What is the remainder when 354498 is divided by 3313?
7
Calculate the remainder when 9426285 is divided by 2356569.
9
What is the remainder when 6161335 is divided by 3080664?
7
What is the remainder when 11934794 is divided by 18974?
148
What is the remainder when 7207471 is divided by 1255?
6
What is the remainder when 11764382 is divided by 344?
270
Calculate the remainder when 1375475997 is divided by 500.
497
What is the remainder when 1363110 is divided by 61959?
12
What is the remainder when 23602758 is divided by 25434?
6
What is the remainder when 2021513 is divided by 47?
43
What is the remainder when 48139704 is divided by 1851527?
2
What is the remainder when 888540 is divided by 14?
2
What is the remainder when 32128676 is divided by 145?
11
Calculate the remainder when 2368327 is divided by 789432.
31
What is the remainder when 150710 is divided by 2591?
432
What is the remainder when 17600716 is divided by 38598?
28
What is the remainder when 40141942 is divided by 13?
9
Calculate the remainder when 191378 is divided by 5037.
5009
What is the remainder when 1017883 is divided by 8?
3
Calculate the remainder when 6240 is divided by 625.
615
Calculate the remainder when 1241173 is divided by 538.
7
What is the remainder when 2012197 is divided by 62?
49
Calculate the remainder when 715676 is divided by 15227.
7
Calculate the remainder when 452871 is divided by 226299.
273
What is the remainder when 1669 is divided by 957?
712
Calculate the remainder when 7837483 is divided by 653123.
7
Calculate the remainder when 58543 is divided by 29227.
89
Calculate the remainder when 27044758 is divided by 569.
188
Calculate the remainder when 128226 is divided by 2914.
10
Calculate the remainder when 1047116245 is divided by 177.
175
Calculate the remainder when 1298677 is divided by 649317.
43
What is the remainder when 331221642 is divided by 265?
262
Calculate the remainder when 139976565 is divided by 126.
15
What is the remainder when 33272 is divided by 1994?
1368
Calculate the remainder when 2882562 is divided by 960752.
306
Calculate the remainder when 135099 is divided by 1407.
27
What is the remainder when 28995766 is divided by 14497882?
2
What is the remainder when 76683 is divided by 3831?
63
Calculate the remainder when 140980 is divided by 1243.
521
What is the remainder when 20046 is divided by 3888?
606
Calculate the remainder when 61367 is divided by 457.
129
Calculate the remainder when 10729685 is divided by 10729656.
29
What is the remainder when 48118 is divided by 1?
0
What is the remainder when 1313875 is divided by 1313696?
179
Calculate the remainder when 340186 is divided by 113392.
10
Calculate the remainder when 1568941 is divided by 5527.
4800
What is the remainder when 29594789 is divided by 163?
20
What is the remainder when 607732 is divided by 202461?
349
What is the remainder when 5888857 is divided by 19?
16
What is the remainder when 12246576 is divided by 549?
33
Calculate the remainder when 4377890 is divided by 327.
14
Calculate the remainder when 76692 is divided by 478.
212
Calculate the remainder when 9283377 is divided by 2299.
15
Calculate the remainder when 97119 is divided by 97023.
96
What is the remainder when 1235318 is divided by 617601?
116
What is the remainder when 26278332 is divided by 839?
13
Calculate the remainder when 2091637 is divided by 114.
79
What is the remainder when 111526 is divided by 648?
70
Calculate the remainder when 13209864 is divided by 35226.
114
What is the remainder when 44990125 is divided by 127?
121
Calculate the remainder when 10864 is divided by 4159.
2546
Calculate the remainder when 3092899 is divided by 65806.
17
What is the remainder when 445843 is divided by 3166?
2603
Calculate the remainder when 34935487 is divided by 1037.
1031
What is the remainder when 129658 is divided by 129569?
89
Calculate the remainder when 199120066 is divided by 1278.
1276
Calculate the remainder when 6718555 is divided by 308.
151
What is the remainder when 2159195 is divided by 539595?
815
Calculate the remainder when 169889 is divided by 2068.
313
What is the remainder when 901492 is divided by 150199?
298
What is the remainder when 120286 is divided by 15001?
278
What is the remainder when 143588039 is divided by 10633?
7
What is the remainder when 28007939 is divided by 34?
31
What is the remainder when 14336376 is divided by 3584092?
8
What is the remainder when 56388486 is divided by 5126226?
0
Calculate the remainder when 86542 is divided by 1401.
1081
Calculate the remainder when 1736961 is divided by 142.
17
Calculate the remainder when 2947917 is divided by 1546.
1241
Calculate the remainder when 59729155 is divided by 2887.
12
Calculate the remainder when 148245962 is divided by 993.
992
What is the remainder when 1225775 is divided by 55623?
2069
What is the remainder when 4551972 is divided by 15?
12
What is the remainder when 383086 is divided by 1038?
64
Calculate the remainder when 2012485 is divided by 295.
290
Calculate the remainder when 25894 is divided by 12263.
1368
Calculate the remainder when 12908771 is divided by 679409.
0
What is the remainder when 1356765 is divided by 1895?
1840
What is the remainder when 335791 is divided by 2525?
2491
Calculate the remainder when 574220 is divided by 287108.
4
What is the remainder when 790483 is divided by 485?
418
Calculate the remainder when 63863 is divided by 3048.
2903
Calculate the remainder when 11132555 is divided by 622.
621
What is the remainder when 28092 is divided by 5719?
5216
Calculate the remainder when 25674 is divided by 174.
96
Calculate the remainder when 175085 is divided by 2866.
259
What is the remainder when 148977 is divided by 7823?
340
Calculate the remainder when 100392 is divided by 29.
23
Calculate the remainder when 16776669 is divided by 1525147.
52
Calculate the remainder when 76368201 is divided by 99.
96
Calculate the remainder when 199719 is divided by 2633.
2244
Calculate the remainder when 51448 is divided by 887.
2
Calculate the remainder when 288017 is divided by 35964.
305
Calculate the remainder when 748402 is divided by 64.
50
What is the remainder when 1056506 is divided by 2848?
2746
Calculate the remainder when 109039 is divided by 359.
262
Calculate the remainder when 7142141 is divided by 4379.
4371
Calculate the remainder when 2352398 is divided by 1919.
1623
Calculate the remainder when 6895 is divided by 571.
43
What is the remainder when 657068 is divided by 328531?
6
Calculate the remainder when 20744077 is divided by 140.
137
What is the remainder when 632169 is divided by 6991?
2979
What is the remainder when 7555050 is divided by 2518338?
36
What is the remainder when 965543 is divided by 240658?
2911
Calculate the remainder when 11711789 is divided by 2342357.
4
Calculate the remainder when 11617577 is divided by 18.
17
Calculate the remai